5*i - 1419. What is the highest common divisor of 517 and i?
11
Let i be 1*(-18310)/50 + (-1)/(-5). Let b = i - -410. Calculate the highest common factor of 572 and b.
44
Suppose 0 + 12 = -3*x. Let o = x + 6. Suppose 50*f + 33*f = 249. What is the greatest common divisor of o and f?
1
Let s be (-678)/(-4)*(1 + 10/6). Let y = 468 - s. Calculate the greatest common divisor of y and 16.
16
Suppose 3754 = 3*w - 2*k - 6892, 4*k - 3558 = -w. What is the highest common factor of w and 10?
10
Suppose -7*q - 4*b = -7870, -258*q = -256*q + 3*b - 2256. Calculate the greatest common factor of q and 165.
33
Let b(d) = -19*d + 394. Let t be b(18). Let h be 14/(-8) + 611/t. Let y(n) = 7*n**2 + 6*n + 2. Let u be y(-4). Calculate the highest common factor of u and h.
10
Let a = -24034 + 24045. Let z(u) = 19*u - 7. Let g be z(5). What is the greatest common factor of g and a?
11
Let u be 0 + 3/((-9)/(-15)). Let k be (u + -17)*(-2 - 0). Calculate the highest common divisor of 3 and k.
3
Let d be (-27)/(-3) + 16 + -2*40/16. Let v(w) = -29*w - 12. Let t be v(-8). What is the highest common divisor of d and t?
20
Let p be -24*(-46)/828*(43/4 + 2). Let l(r) = 69*r**3 - r. Let x be l(1). Calculate the highest common factor of p and x.
17
Let k = 5 - 1. Suppose 3*q = 40 - k. Suppose 27 = 4*o - 2*o - m, 0 = -4*m - q. What is the greatest common factor of o and 6?
6
Suppose 281*b + 27277 - 70832 = 0. Calculate the greatest common divisor of 265 and b.
5
Suppose 36*j = 88*j - 1248. What is the highest common divisor of j and 138?
6
Let g(v) = 20*v - 3. Let x be g(6). Suppose -s = -195 - x. What is the greatest common factor of 39 and s?
39
Let o = -19338 + 19353. Suppose 4 = n, -4*u - u = -3*n - 2013. Calculate the greatest common factor of o and u.
15
Let j = 610 + -400. Let f be j/20*5/((-15)/(-4)). What is the highest common divisor of f and 140?
14
Suppose o - 208 = -26. Suppose 5*w + 10 = 0, -c + 4*w - 3*w = -318. Suppose 28*j - c = 412. What is the highest common divisor of o and j?
26
Let k(q) = -8*q + 355. Let b be k(44). Suppose -5*t + 232 = b*t. Calculate the highest common divisor of t and 116.
29
Let j(k) = -25*k - 115. Let n be j(-10). Suppose -n*v + 196 = -121*v. Let y(i) = i - 3. Let r be y(5). What is the greatest common factor of v and r?
2
Let n be 6/(-2) - -27*1. Let x = n + -22. Suppose -5 = o - x*o. Calculate the greatest common factor of o and 2.
1
Let h(m) = -m**3 + 30*m**2 - 137*m - 88. Let s be h(24). Suppose -3*l + 1 = -2. Let z be 5*(2 + l + 1). Calculate the greatest common divisor of z and s.
20
Suppose -16*n - 370 = -123 - 487. Suppose -4*z + 160 = -5*s, 2*z + 8*s = 3*s + 110. Calculate the greatest common divisor of n and z.
15
Let p be 66*(-6 - -1)/10. Let y be (0/4 - 2)*(-1 + p). Calculate the greatest common factor of 85 and y.
17
Let r(f) = -234*f + 513. Let h be r(0). What is the highest common factor of 135 and h?
27
Let u be (67/2)/((-23)/4 + 6). Let k = 158 - u. What is the highest common factor of k and 456?
24
Let j = -271 - -1144. What is the highest common factor of 18 and j?
9
Suppose 197*m + 28*m = 782775. Calculate the highest common divisor of 142 and m.
71
Suppose -30*s - 7905 = 16*s - 77*s. Let j(z) = 21*z + 1. Let x be j(4). Calculate the highest common factor of s and x.
85
Let t(s) = 44*s + 3146. Let b be t(-70). What is the greatest common factor of b and 8613?
33
Suppose -6*c + 559 = -365. Suppose 14*a - c = 3*a. What is the greatest common divisor of 84 and a?
14
Let r be 18/(-14) + -1 + (-18)/(-14). Let g be (-385)/(-10) - r/2. Calculate the greatest common divisor of 507 and g.
39
Let g(c) = -c**2 - 12*c - 17. Let z be g(-10). Let n be 25 - z*(-1 + -2)/(-3). Suppose 7*p - n = 118. What is the greatest common divisor of p and 30?
10
Let y(w) be the first derivative of -178*w**4 + w**2 + w - 7. Let z be y(-1). Let d = -491 + z. What is the greatest common factor of d and 44?
44
Let i(d) = d**2 - 104*d - 3885. Let w be i(-39). Calculate the highest common factor of w and 288.
36
Suppose 25 = 3*k - 14. Suppose l + 18 = 3*z - k, -3*l + 28 = 2*z. Let h be (6 - (0 + 4))/(2/z). Calculate the highest common divisor of 22 and h.
11
Suppose 4*v - 27 = -5*v. Suppose -27 = -v*w - i, -5*i = -5 - 10. What is the greatest common factor of 160 and w?
8
Let q(j) = -j**3 - 25*j**2 + 831*j - 25. Let g be q(-44). Calculate the greatest common divisor of 10569 and g.
39
Suppose -j + 6*w = w - 20, w = 2*j - 4. Let h be (1 + j)/(5/315). What is the highest common divisor of 7 and h?
7
Suppose -16*o + 2007 = -3113. Calculate the highest common divisor of 25 and o.
5
Let w be ((-6)/4)/(6/8). Let l be 861/9 - w/(-3). Suppose -2*t + f = -42, 4*t + 25*f - 29*f = 92. What is the highest common factor of t and l?
19
Let q be (24/(384/17584))/1. What is the greatest common divisor of q and 224?
7
Let y(z) = -5*z + 4*z - 2*z - 27. Let g be y(-10). What is the greatest common divisor of g and 15?
3
Suppose 3*y + 42*a - 44*a - 76 = 0, -a - 143 = -5*y. Calculate the highest common divisor of 2418 and y.
6
Let l(j) = -6*j - 71. Let g be l(-11). Let p be 2 - (0 - -5) - g - -82. Calculate the greatest common divisor of p and 105.
21
Suppose -30*w = -8*w - 19*w - 1701. Calculate the greatest common factor of 147 and w.
21
Let m(k) = k**2 - 55*k + 91. Let i be m(27). Let a = i - -886. Calculate the highest common divisor of a and 13.
13
Let x(i) = -i**3 - 9*i**2 + 50*i + 312. Let a be x(-12). What is the greatest common factor of a and 75?
3
Let u = -4636 - -4708. Calculate the highest common factor of u and 56.
8
Suppose -270 - 544 = -5*c + 2*z, 3*z - 337 = -2*c. Calculate the greatest common divisor of c and 41.
41
Let p be 3/(9/(-16))*306/(-136). Let d be p/8 + 927/6 + -1. What is the greatest common divisor of 93 and d?
31
Let d(a) = 11*a**2 - a + 2. Let w be d(3). Suppose -147 = 9*x - 138. Let u be (32 + -27)*1*x + 19. What is the highest common divisor of u and w?
14
Let x(n) = n**2 + 3*n - 8. Let m be x(-6). Suppose 0 = m*w - 8*w + 16. Let r be -2*-1*(-2)/(w/54). Calculate the highest common factor of r and 216.
27
Let a(k) = -22*k - k**3 + 2*k**3 - 23 + 36 - 14*k**2 - 2*k**2 - 17. Let s be 112/6 - 2/3. Let f be a(s). What is the highest common factor of 31 and f?
31
Let m be (-30)/(-12)*24/15. Suppose -5*w - 1197 = -m*c + 556, -2216 = -5*c - 2*w. What is the highest common factor of c and 17?
17
Suppose -z + 0*h + 2*h - 5 = 0, -z + h - 2 = 0. Calculate the highest common divisor of 740 and z.
1
Let b(i) = -4*i**2 - 3. Let o be b(-2). Let g = o - -11. Let v be ((-1 - 74)/3)/(4/g). What is the highest common divisor of v and 20?
10
Let n be (-4)/(-2) - -1 - 10/(-10). Let x be n/16 - 905/4. Let s = -111 - x. Calculate the highest common factor of 23 and s.
23
Suppose -6712 = -11*h - 1278. Suppose -221 - h = -5*r. What is the highest common divisor of 33 and r?
11
Let q = 6517 + -6471. Calculate the greatest common factor of q and 2369.
23
Suppose -1671*q = -w - 1674*q + 140, 3*w - 462 = -2*q. What is the highest common divisor of w and 10112?
158
Let d be ((-808)/(-40) + -10)*(-15)/1. Let f(r) = 2*r**2 + 20*r - 18. Let j be f(-16). Let p = d + j. Calculate the highest common divisor of p and 7.
7
Let j = 1726 - 995. Let a = -605 + j. Calculate the greatest common divisor of 273 and a.
21
Let t = -1751 - -5045. Calculate the highest common factor of 108 and t.
54
Suppose -36839 = 1083*i - 1100*i. Calculate the highest common divisor of 591 and i.
197
Suppose 0 = b + 3*q - 7 - 3, -q = -2*b + 20. Suppose -4*g = p - 16 - b, 2*g - 22 = -5*p. Calculate the highest common divisor of g and 30.
6
Suppose -5*x - 410 + 430 = 0, 5*r - 9534 = 4*x. Calculate the highest common factor of r and 30.
10
Suppose 5*j - 3*z = -4*z + 689, 133 = j + z. Calculate the highest common factor of j and 1.
1
Let n(k) = -268*k - 2. Let b be n(-3). Let h = b + -662. Calculate the highest common divisor of h and 224.
28
Let z(w) = 3*w**3 + 10*w**2 - 10*w - 8. Let j be z(-4). Suppose 4*f = 5*x - 2859, -5*f - 47 + 67 = j. Calculate the greatest common factor of 25 and x.
25
Suppose -q = -5*r - 1120, 532*q - 4548 = 528*q + 3*r. Calculate the highest common divisor of 80 and q.
20
Let u = -207 - -359. Let r be u + 8/10*55/22. What is the highest common divisor of r and 22?
22
Let d